{"version":"1.0","provider_name":"Blog do Ari Cunha","provider_url":"https:\/\/blogs2.correiobraziliense.com.br\/aricunha","author_name":"Circe Cunha","author_url":"https:\/\/blogs2.correiobraziliense.com.br\/aricunha\/author\/circecunha\/","title":"As enrola\u00e7\u00f5es na hist\u00f3ria brasileira - Blog do Ari Cunha","type":"rich","width":600,"height":338,"html":"<blockquote class=\"wp-embedded-content\" data-secret=\"iXd0opOkj3\"><a href=\"https:\/\/blogs2.correiobraziliense.com.br\/aricunha\/as-enrolacoes-na-historia-brasileira\/\">As enrola\u00e7\u00f5es  na hist\u00f3ria brasileira<\/a><\/blockquote><iframe sandbox=\"allow-scripts\" security=\"restricted\" src=\"https:\/\/blogs2.correiobraziliense.com.br\/aricunha\/as-enrolacoes-na-historia-brasileira\/embed\/#?secret=iXd0opOkj3\" width=\"600\" height=\"338\" title=\"&#8220;As enrola\u00e7\u00f5es  na hist\u00f3ria brasileira&#8221; &#8212; Blog do Ari Cunha\" data-secret=\"iXd0opOkj3\" frameborder=\"0\" marginwidth=\"0\" marginheight=\"0\" scrolling=\"no\" class=\"wp-embedded-content\"><\/iframe><script nonce=\"6L2tNDWgRg2npVbl3rgt6Q\">\n\/*! This file is auto-generated *\/\n!function(d,l){\"use strict\";l.querySelector&&d.addEventListener&&\"undefined\"!=typeof URL&&(d.wp=d.wp||{},d.wp.receiveEmbedMessage||(d.wp.receiveEmbedMessage=function(e){var t=e.data;if((t||t.secret||t.message||t.value)&&!\/[^a-zA-Z0-9]\/.test(t.secret)){for(var s,r,n,a=l.querySelectorAll('iframe[data-secret=\"'+t.secret+'\"]'),o=l.querySelectorAll('blockquote[data-secret=\"'+t.secret+'\"]'),c=new RegExp(\"^https?:$\",\"i\"),i=0;i<o.length;i++)o[i].style.display=\"none\";for(i=0;i<a.length;i++)s=a[i],e.source===s.contentWindow&&(s.removeAttribute(\"style\"),\"height\"===t.message?(1e3<(r=parseInt(t.value,10))?r=1e3:~~r<200&&(r=200),s.height=r):\"link\"===t.message&&(r=new URL(s.getAttribute(\"src\")),n=new URL(t.value),c.test(n.protocol))&&n.host===r.host&&l.activeElement===s&&(d.top.location.href=t.value))}},d.addEventListener(\"message\",d.wp.receiveEmbedMessage,!1),l.addEventListener(\"DOMContentLoaded\",function(){for(var e,t,s=l.querySelectorAll(\"iframe.wp-embedded-content\"),r=0;r<s.length;r++)(t=(e=s[r]).getAttribute(\"data-secret\"))||(t=Math.random().toString(36).substring(2,12),e.src+=\"#?secret=\"+t,e.setAttribute(\"data-secret\",t)),e.contentWindow.postMessage({message:\"ready\",secret:t},\"*\")},!1)))}(window,document);\n\/\/# sourceURL=https:\/\/blogs2.correiobraziliense.com.br\/aricunha\/wp-includes\/js\/wp-embed.min.js\n<\/script>\n","description":"DESDE 1960 aricunha@dabr.com.br com Circe Cunha e MAMFIL Nesses dias \u00e1rduos para a na\u00e7\u00e3o, muitos senadores, principalmente aqueles que buscam aconchego na esquerda, t\u00eam feito apelos alarmistas aos seus colegas sobre os perigos que uma decis\u00e3o em favor do impeachment da presidente Dilma trar\u00e1 para suas biografias. Esses parlamentares v\u00eam brandindo o alerta para a [&hellip;]"}

As enrolações na história brasileira - Blog do Ari Cunha

<blockquote class="wp-embedded-content" data-secret="iXd0opOkj3"><a href="https://blogs2.correiobraziliense.com.br/aricunha/as-enrolacoes-na-historia-brasileira/">As enrolações  na história brasileira</a></blockquote><iframe sandbox="allow-scripts" security="restricted" src="https://blogs2.correiobraziliense.com.br/aricunha/as-enrolacoes-na-historia-brasileira/embed/#?secret=iXd0opOkj3" width="600" height="338" title="&#8220;As enrolações  na história brasileira&#8221; &#8212; Blog do Ari Cunha" data-secret="iXd0opOkj3" frameborder="0" marginwidth="0" marginheight="0" scrolling="no" class="wp-embedded-content"></iframe><script nonce="6L2tNDWgRg2npVbl3rgt6Q">
/*! This file is auto-generated */
!function(d,l){"use strict";l.querySelector&&d.addEventListener&&"undefined"!=typeof URL&&(d.wp=d.wp||{},d.wp.receiveEmbedMessage||(d.wp.receiveEmbedMessage=function(e){var t=e.data;if((t||t.secret||t.message||t.value)&&!/[^a-zA-Z0-9]/.test(t.secret)){for(var s,r,n,a=l.querySelectorAll('iframe[data-secret="'+t.secret+'"]'),o=l.querySelectorAll('blockquote[data-secret="'+t.secret+'"]'),c=new RegExp("^https?:$","i"),i=0;i<o.length;i++)o[i].style.display="none";for(i=0;i<a.length;i++)s=a[i],e.source===s.contentWindow&&(s.removeAttribute("style"),"height"===t.message?(1e3<(r=parseInt(t.value,10))?r=1e3:~~r<200&&(r=200),s.height=r):"link"===t.message&&(r=new URL(s.getAttribute("src")),n=new URL(t.value),c.test(n.protocol))&&n.host===r.host&&l.activeElement===s&&(d.top.location.href=t.value))}},d.addEventListener("message",d.wp.receiveEmbedMessage,!1),l.addEventListener("DOMContentLoaded",function(){for(var e,t,s=l.querySelectorAll("iframe.wp-embedded-content"),r=0;r<s.length;r++)(t=(e=s[r]).getAttribute("data-secret"))||(t=Math.random().toString(36).substring(2,12),e.src+="#?secret="+t,e.setAttribute("data-secret",t)),e.contentWindow.postMessage({message:"ready",secret:t},"*")},!1)))}(window,document);
//# sourceURL=https://blogs2.correiobraziliense.com.br/aricunha/wp-includes/js/wp-embed.min.js
</script>

DESDE 1960 aricunha@dabr.com.br com Circe Cunha e MAMFIL Nesses dias árduos para a nação, muitos senadores, principalmente aqueles que buscam aconchego na esquerda, têm feito apelos alarmistas aos seus colegas sobre os perigos que uma decisão em favor do impeachment da presidente Dilma trará para suas biografias. Esses parlamentares vêm brandindo o alerta para a [&hellip;]
