{"version":"1.0","provider_name":"Blog do Ari Cunha","provider_url":"https:\/\/blogs2.correiobraziliense.com.br\/aricunha","author_name":"Circe Cunha","author_url":"https:\/\/blogs2.correiobraziliense.com.br\/aricunha\/author\/circecunha\/","title":"(Des) habilitados para a pol\u00edtica - Blog do Ari Cunha","type":"rich","width":600,"height":338,"html":"<blockquote class=\"wp-embedded-content\" data-secret=\"eJ3GAnvBnT\"><a href=\"https:\/\/blogs2.correiobraziliense.com.br\/aricunha\/des-habilitados-para-politica\/\">(Des) habilitados para a pol\u00edtica<\/a><\/blockquote><iframe sandbox=\"allow-scripts\" security=\"restricted\" src=\"https:\/\/blogs2.correiobraziliense.com.br\/aricunha\/des-habilitados-para-politica\/embed\/#?secret=eJ3GAnvBnT\" width=\"600\" height=\"338\" title=\"&#8220;(Des) habilitados para a pol\u00edtica&#8221; &#8212; Blog do Ari Cunha\" data-secret=\"eJ3GAnvBnT\" frameborder=\"0\" marginwidth=\"0\" marginheight=\"0\" scrolling=\"no\" class=\"wp-embedded-content\"><\/iframe><script nonce=\"14GiBRB0exGcMuuna0Tq7w\">\n\/*! This file is auto-generated *\/\n!function(d,l){\"use strict\";l.querySelector&&d.addEventListener&&\"undefined\"!=typeof URL&&(d.wp=d.wp||{},d.wp.receiveEmbedMessage||(d.wp.receiveEmbedMessage=function(e){var t=e.data;if((t||t.secret||t.message||t.value)&&!\/[^a-zA-Z0-9]\/.test(t.secret)){for(var s,r,n,a=l.querySelectorAll('iframe[data-secret=\"'+t.secret+'\"]'),o=l.querySelectorAll('blockquote[data-secret=\"'+t.secret+'\"]'),c=new RegExp(\"^https?:$\",\"i\"),i=0;i<o.length;i++)o[i].style.display=\"none\";for(i=0;i<a.length;i++)s=a[i],e.source===s.contentWindow&&(s.removeAttribute(\"style\"),\"height\"===t.message?(1e3<(r=parseInt(t.value,10))?r=1e3:~~r<200&&(r=200),s.height=r):\"link\"===t.message&&(r=new URL(s.getAttribute(\"src\")),n=new URL(t.value),c.test(n.protocol))&&n.host===r.host&&l.activeElement===s&&(d.top.location.href=t.value))}},d.addEventListener(\"message\",d.wp.receiveEmbedMessage,!1),l.addEventListener(\"DOMContentLoaded\",function(){for(var e,t,s=l.querySelectorAll(\"iframe.wp-embedded-content\"),r=0;r<s.length;r++)(t=(e=s[r]).getAttribute(\"data-secret\"))||(t=Math.random().toString(36).substring(2,12),e.src+=\"#?secret=\"+t,e.setAttribute(\"data-secret\",t)),e.contentWindow.postMessage({message:\"ready\",secret:t},\"*\")},!1)))}(window,document);\n\/\/# sourceURL=https:\/\/blogs2.correiobraziliense.com.br\/aricunha\/wp-includes\/js\/wp-embed.min.js\n<\/script>\n","description":"Desde 1960 colunadoaricunha@gmail.com; com Circe Cunha e Mamfil Na rep\u00fablica dist\u00f3pica em que prosseguimos metidos, n\u00e3o estranha a bizarrice de assistirmos a pessoas situadas nos mais altos postos da administra\u00e7\u00e3o p\u00fablica sem qualquer expertise para essa fun\u00e7\u00e3o. Uma leitura no curriculum de alguns desses pr\u00f3ceres mostra que ainda estamos muito longe de um modelo ideal [&hellip;]"}

(Des) habilitados para a política - Blog do Ari Cunha

<blockquote class="wp-embedded-content" data-secret="eJ3GAnvBnT"><a href="https://blogs2.correiobraziliense.com.br/aricunha/des-habilitados-para-politica/">(Des) habilitados para a política</a></blockquote><iframe sandbox="allow-scripts" security="restricted" src="https://blogs2.correiobraziliense.com.br/aricunha/des-habilitados-para-politica/embed/#?secret=eJ3GAnvBnT" width="600" height="338" title="&#8220;(Des) habilitados para a política&#8221; &#8212; Blog do Ari Cunha" data-secret="eJ3GAnvBnT" frameborder="0" marginwidth="0" marginheight="0" scrolling="no" class="wp-embedded-content"></iframe><script nonce="14GiBRB0exGcMuuna0Tq7w">
/*! This file is auto-generated */
!function(d,l){"use strict";l.querySelector&&d.addEventListener&&"undefined"!=typeof URL&&(d.wp=d.wp||{},d.wp.receiveEmbedMessage||(d.wp.receiveEmbedMessage=function(e){var t=e.data;if((t||t.secret||t.message||t.value)&&!/[^a-zA-Z0-9]/.test(t.secret)){for(var s,r,n,a=l.querySelectorAll('iframe[data-secret="'+t.secret+'"]'),o=l.querySelectorAll('blockquote[data-secret="'+t.secret+'"]'),c=new RegExp("^https?:$","i"),i=0;i<o.length;i++)o[i].style.display="none";for(i=0;i<a.length;i++)s=a[i],e.source===s.contentWindow&&(s.removeAttribute("style"),"height"===t.message?(1e3<(r=parseInt(t.value,10))?r=1e3:~~r<200&&(r=200),s.height=r):"link"===t.message&&(r=new URL(s.getAttribute("src")),n=new URL(t.value),c.test(n.protocol))&&n.host===r.host&&l.activeElement===s&&(d.top.location.href=t.value))}},d.addEventListener("message",d.wp.receiveEmbedMessage,!1),l.addEventListener("DOMContentLoaded",function(){for(var e,t,s=l.querySelectorAll("iframe.wp-embedded-content"),r=0;r<s.length;r++)(t=(e=s[r]).getAttribute("data-secret"))||(t=Math.random().toString(36).substring(2,12),e.src+="#?secret="+t,e.setAttribute("data-secret",t)),e.contentWindow.postMessage({message:"ready",secret:t},"*")},!1)))}(window,document);
//# sourceURL=https://blogs2.correiobraziliense.com.br/aricunha/wp-includes/js/wp-embed.min.js
</script>

Desde 1960 colunadoaricunha@gmail.com; com Circe Cunha e Mamfil Na república distópica em que prosseguimos metidos, não estranha a bizarrice de assistirmos a pessoas situadas nos mais altos postos da administração pública sem qualquer expertise para essa função. Uma leitura no curriculum de alguns desses próceres mostra que ainda estamos muito longe de um modelo ideal [&hellip;]
