{"version":"1.0","provider_name":"Blog do Ari Cunha","provider_url":"https:\/\/blogs2.correiobraziliense.com.br\/aricunha","author_name":"Circe Cunha","author_url":"https:\/\/blogs2.correiobraziliense.com.br\/aricunha\/author\/circecunha\/","title":"A forma da reforma - Blog do Ari Cunha","type":"rich","width":600,"height":338,"html":"<blockquote class=\"wp-embedded-content\" data-secret=\"91J233sChu\"><a href=\"https:\/\/blogs2.correiobraziliense.com.br\/aricunha\/forma-da-reforma\/\">A forma da reforma<\/a><\/blockquote><iframe sandbox=\"allow-scripts\" security=\"restricted\" src=\"https:\/\/blogs2.correiobraziliense.com.br\/aricunha\/forma-da-reforma\/embed\/#?secret=91J233sChu\" width=\"600\" height=\"338\" title=\"&#8220;A forma da reforma&#8221; &#8212; Blog do Ari Cunha\" data-secret=\"91J233sChu\" frameborder=\"0\" marginwidth=\"0\" marginheight=\"0\" scrolling=\"no\" class=\"wp-embedded-content\"><\/iframe><script nonce=\"tVvjjjW2F8SNZml06ouH4Q\">\n\/*! This file is auto-generated *\/\n!function(d,l){\"use strict\";l.querySelector&&d.addEventListener&&\"undefined\"!=typeof URL&&(d.wp=d.wp||{},d.wp.receiveEmbedMessage||(d.wp.receiveEmbedMessage=function(e){var t=e.data;if((t||t.secret||t.message||t.value)&&!\/[^a-zA-Z0-9]\/.test(t.secret)){for(var s,r,n,a=l.querySelectorAll('iframe[data-secret=\"'+t.secret+'\"]'),o=l.querySelectorAll('blockquote[data-secret=\"'+t.secret+'\"]'),c=new RegExp(\"^https?:$\",\"i\"),i=0;i<o.length;i++)o[i].style.display=\"none\";for(i=0;i<a.length;i++)s=a[i],e.source===s.contentWindow&&(s.removeAttribute(\"style\"),\"height\"===t.message?(1e3<(r=parseInt(t.value,10))?r=1e3:~~r<200&&(r=200),s.height=r):\"link\"===t.message&&(r=new URL(s.getAttribute(\"src\")),n=new URL(t.value),c.test(n.protocol))&&n.host===r.host&&l.activeElement===s&&(d.top.location.href=t.value))}},d.addEventListener(\"message\",d.wp.receiveEmbedMessage,!1),l.addEventListener(\"DOMContentLoaded\",function(){for(var e,t,s=l.querySelectorAll(\"iframe.wp-embedded-content\"),r=0;r<s.length;r++)(t=(e=s[r]).getAttribute(\"data-secret\"))||(t=Math.random().toString(36).substring(2,12),e.src+=\"#?secret=\"+t,e.setAttribute(\"data-secret\",t)),e.contentWindow.postMessage({message:\"ready\",secret:t},\"*\")},!1)))}(window,document);\n\/\/# sourceURL=https:\/\/blogs2.correiobraziliense.com.br\/aricunha\/wp-includes\/js\/wp-embed.min.js\n<\/script>\n","description":"DESDE 1960 \u00bb jornalista_aricunha@outlook.com com Circe Cunha e MAMFIL Se for comparada \u00e0 uma guerra convencional, a reforma da Previd\u00eancia Social, anunciada pelo governo Temer como \u00fanica solu\u00e7\u00e3o para evitar a fal\u00eancia do sistema em curto espa\u00e7o de tempo, ter\u00e1 que enfrentar, daqui para frente, batalhas decisivas no c\u00e9u, no mar e na terra e, [&hellip;]"}

DESDE 1960 » jornalista_aricunha@outlook.com com Circe Cunha e MAMFIL Se for comparada à uma guerra convencional, a reforma da Previdência Social, anunciada pelo governo Temer como única solução para evitar a falência do sistema em curto espaço de tempo, terá que enfrentar, daqui para frente, batalhas decisivas no céu, no mar e na terra e, [&hellip;]
