{"version":"1.0","provider_name":"Blog do Ari Cunha","provider_url":"https:\/\/blogs2.correiobraziliense.com.br\/aricunha","author_name":"Circe Cunha","author_url":"https:\/\/blogs2.correiobraziliense.com.br\/aricunha\/author\/circecunha\/","title":"Racionamento por falta de planejamento - Blog do Ari Cunha","type":"rich","width":600,"height":338,"html":"<blockquote class=\"wp-embedded-content\" data-secret=\"djKgZmCQ0e\"><a href=\"https:\/\/blogs2.correiobraziliense.com.br\/aricunha\/racionamento-por-falta-de-planejamento\/\">Racionamento por falta de planejamento<\/a><\/blockquote><iframe sandbox=\"allow-scripts\" security=\"restricted\" src=\"https:\/\/blogs2.correiobraziliense.com.br\/aricunha\/racionamento-por-falta-de-planejamento\/embed\/#?secret=djKgZmCQ0e\" width=\"600\" height=\"338\" title=\"&#8220;Racionamento por falta de planejamento&#8221; &#8212; Blog do Ari Cunha\" data-secret=\"djKgZmCQ0e\" frameborder=\"0\" marginwidth=\"0\" marginheight=\"0\" scrolling=\"no\" class=\"wp-embedded-content\"><\/iframe><script nonce=\"gqY7JNKL3fT9iwa3hqr9SQ\">\n\/*! This file is auto-generated *\/\n!function(d,l){\"use strict\";l.querySelector&&d.addEventListener&&\"undefined\"!=typeof URL&&(d.wp=d.wp||{},d.wp.receiveEmbedMessage||(d.wp.receiveEmbedMessage=function(e){var t=e.data;if((t||t.secret||t.message||t.value)&&!\/[^a-zA-Z0-9]\/.test(t.secret)){for(var s,r,n,a=l.querySelectorAll('iframe[data-secret=\"'+t.secret+'\"]'),o=l.querySelectorAll('blockquote[data-secret=\"'+t.secret+'\"]'),c=new RegExp(\"^https?:$\",\"i\"),i=0;i<o.length;i++)o[i].style.display=\"none\";for(i=0;i<a.length;i++)s=a[i],e.source===s.contentWindow&&(s.removeAttribute(\"style\"),\"height\"===t.message?(1e3<(r=parseInt(t.value,10))?r=1e3:~~r<200&&(r=200),s.height=r):\"link\"===t.message&&(r=new URL(s.getAttribute(\"src\")),n=new URL(t.value),c.test(n.protocol))&&n.host===r.host&&l.activeElement===s&&(d.top.location.href=t.value))}},d.addEventListener(\"message\",d.wp.receiveEmbedMessage,!1),l.addEventListener(\"DOMContentLoaded\",function(){for(var e,t,s=l.querySelectorAll(\"iframe.wp-embedded-content\"),r=0;r<s.length;r++)(t=(e=s[r]).getAttribute(\"data-secret\"))||(t=Math.random().toString(36).substring(2,12),e.src+=\"#?secret=\"+t,e.setAttribute(\"data-secret\",t)),e.contentWindow.postMessage({message:\"ready\",secret:t},\"*\")},!1)))}(window,document);\n\/\/# sourceURL=https:\/\/blogs2.correiobraziliense.com.br\/aricunha\/wp-includes\/js\/wp-embed.min.js\n<\/script>\n","description":"DESDE 1960 \u00bb jornalista_aricunha@outlook.com Circe Cunha e MAMFIL No fim do ano passado, quando o diretor-presidente da Ag\u00eancia Reguladora de \u00c1guas, Energia e Saneamento do Distrito Federal (Adasa), Paulo Salles, declarou que a popula\u00e7\u00e3o precisava rezar para chover, estavam aparentemente lan\u00e7adas, segundo seu entendimento t\u00e9cnico, todas as condi\u00e7\u00f5es necess\u00e1rias para que os reservat\u00f3rios que abastecem [&hellip;]"}

DESDE 1960 » jornalista_aricunha@outlook.com Circe Cunha e MAMFIL No fim do ano passado, quando o diretor-presidente da Agência Reguladora de Águas, Energia e Saneamento do Distrito Federal (Adasa), Paulo Salles, declarou que a população precisava rezar para chover, estavam aparentemente lançadas, segundo seu entendimento técnico, todas as condições necessárias para que os reservatórios que abastecem [&hellip;]
