{"version":"1.0","provider_name":"Blog do Ari Cunha","provider_url":"https:\/\/blogs2.correiobraziliense.com.br\/aricunha","author_name":"Circe Cunha","author_url":"https:\/\/blogs2.correiobraziliense.com.br\/aricunha\/author\/circecunha\/","title":"Salas sem professores - Blog do Ari Cunha","type":"rich","width":600,"height":338,"html":"<blockquote class=\"wp-embedded-content\" data-secret=\"2hlnzNeiOM\"><a href=\"https:\/\/blogs2.correiobraziliense.com.br\/aricunha\/salas-sem-professores\/\">Salas sem professores<\/a><\/blockquote><iframe sandbox=\"allow-scripts\" security=\"restricted\" src=\"https:\/\/blogs2.correiobraziliense.com.br\/aricunha\/salas-sem-professores\/embed\/#?secret=2hlnzNeiOM\" width=\"600\" height=\"338\" title=\"&#8220;Salas sem professores&#8221; &#8212; Blog do Ari Cunha\" data-secret=\"2hlnzNeiOM\" frameborder=\"0\" marginwidth=\"0\" marginheight=\"0\" scrolling=\"no\" class=\"wp-embedded-content\"><\/iframe><script nonce=\"Fj5htYOYPvqSpRGF7w36VQ\">\n\/*! This file is auto-generated *\/\n!function(d,l){\"use strict\";l.querySelector&&d.addEventListener&&\"undefined\"!=typeof URL&&(d.wp=d.wp||{},d.wp.receiveEmbedMessage||(d.wp.receiveEmbedMessage=function(e){var t=e.data;if((t||t.secret||t.message||t.value)&&!\/[^a-zA-Z0-9]\/.test(t.secret)){for(var s,r,n,a=l.querySelectorAll('iframe[data-secret=\"'+t.secret+'\"]'),o=l.querySelectorAll('blockquote[data-secret=\"'+t.secret+'\"]'),c=new RegExp(\"^https?:$\",\"i\"),i=0;i<o.length;i++)o[i].style.display=\"none\";for(i=0;i<a.length;i++)s=a[i],e.source===s.contentWindow&&(s.removeAttribute(\"style\"),\"height\"===t.message?(1e3<(r=parseInt(t.value,10))?r=1e3:~~r<200&&(r=200),s.height=r):\"link\"===t.message&&(r=new URL(s.getAttribute(\"src\")),n=new URL(t.value),c.test(n.protocol))&&n.host===r.host&&l.activeElement===s&&(d.top.location.href=t.value))}},d.addEventListener(\"message\",d.wp.receiveEmbedMessage,!1),l.addEventListener(\"DOMContentLoaded\",function(){for(var e,t,s=l.querySelectorAll(\"iframe.wp-embedded-content\"),r=0;r<s.length;r++)(t=(e=s[r]).getAttribute(\"data-secret\"))||(t=Math.random().toString(36).substring(2,12),e.src+=\"#?secret=\"+t,e.setAttribute(\"data-secret\",t)),e.contentWindow.postMessage({message:\"ready\",secret:t},\"*\")},!1)))}(window,document);\n\/\/# sourceURL=https:\/\/blogs2.correiobraziliense.com.br\/aricunha\/wp-includes\/js\/wp-embed.min.js\n<\/script>\n","description":"DESDE 1960 \u00bb ARI CUNHA jornalista_aricunha@outlook.com Circe Cunha e MAMFIL Come\u00e7ou mal o ano letivo para quase 500 mil alunos da rede p\u00fablica de ensino do Distrito Federal. Atendendo ao chamado de mobiliza\u00e7\u00e3o feito pela Confedera\u00e7\u00e3o Nacional dos Trabalhadores em Educa\u00e7\u00e3o (CNTE) contra as reformas trabalhistas, da Previd\u00eancia e do ensino m\u00e9dio, cerca de 3 [&hellip;]"}

DESDE 1960 » ARI CUNHA jornalista_aricunha@outlook.com Circe Cunha e MAMFIL Começou mal o ano letivo para quase 500 mil alunos da rede pública de ensino do Distrito Federal. Atendendo ao chamado de mobilização feito pela Confederação Nacional dos Trabalhadores em Educação (CNTE) contra as reformas trabalhistas, da Previdência e do ensino médio, cerca de 3 [&hellip;]
