{"version":"1.0","provider_name":"Blog do Ari Cunha","provider_url":"https:\/\/blogs2.correiobraziliense.com.br\/aricunha","author_name":"Circe Cunha","author_url":"https:\/\/blogs2.correiobraziliense.com.br\/aricunha\/author\/circecunha\/","title":"Sobra pol\u00edtica, falta gest\u00e3o - Blog do Ari Cunha","type":"rich","width":600,"height":338,"html":"<blockquote class=\"wp-embedded-content\" data-secret=\"Bfb6sAz1te\"><a href=\"https:\/\/blogs2.correiobraziliense.com.br\/aricunha\/sobra-politica-falta-gestao\/\">Sobra pol\u00edtica, falta gest\u00e3o<\/a><\/blockquote><iframe sandbox=\"allow-scripts\" security=\"restricted\" src=\"https:\/\/blogs2.correiobraziliense.com.br\/aricunha\/sobra-politica-falta-gestao\/embed\/#?secret=Bfb6sAz1te\" width=\"600\" height=\"338\" title=\"&#8220;Sobra pol\u00edtica, falta gest\u00e3o&#8221; &#8212; Blog do Ari Cunha\" data-secret=\"Bfb6sAz1te\" frameborder=\"0\" marginwidth=\"0\" marginheight=\"0\" scrolling=\"no\" class=\"wp-embedded-content\"><\/iframe><script nonce=\"qkr8MAjxoT-IsO7hDvRbhQ\">\n\/*! This file is auto-generated *\/\n!function(d,l){\"use strict\";l.querySelector&&d.addEventListener&&\"undefined\"!=typeof URL&&(d.wp=d.wp||{},d.wp.receiveEmbedMessage||(d.wp.receiveEmbedMessage=function(e){var t=e.data;if((t||t.secret||t.message||t.value)&&!\/[^a-zA-Z0-9]\/.test(t.secret)){for(var s,r,n,a=l.querySelectorAll('iframe[data-secret=\"'+t.secret+'\"]'),o=l.querySelectorAll('blockquote[data-secret=\"'+t.secret+'\"]'),c=new RegExp(\"^https?:$\",\"i\"),i=0;i<o.length;i++)o[i].style.display=\"none\";for(i=0;i<a.length;i++)s=a[i],e.source===s.contentWindow&&(s.removeAttribute(\"style\"),\"height\"===t.message?(1e3<(r=parseInt(t.value,10))?r=1e3:~~r<200&&(r=200),s.height=r):\"link\"===t.message&&(r=new URL(s.getAttribute(\"src\")),n=new URL(t.value),c.test(n.protocol))&&n.host===r.host&&l.activeElement===s&&(d.top.location.href=t.value))}},d.addEventListener(\"message\",d.wp.receiveEmbedMessage,!1),l.addEventListener(\"DOMContentLoaded\",function(){for(var e,t,s=l.querySelectorAll(\"iframe.wp-embedded-content\"),r=0;r<s.length;r++)(t=(e=s[r]).getAttribute(\"data-secret\"))||(t=Math.random().toString(36).substring(2,12),e.src+=\"#?secret=\"+t,e.setAttribute(\"data-secret\",t)),e.contentWindow.postMessage({message:\"ready\",secret:t},\"*\")},!1)))}(window,document);\n\/\/# sourceURL=https:\/\/blogs2.correiobraziliense.com.br\/aricunha\/wp-includes\/js\/wp-embed.min.js\n<\/script>\n","description":"Desde 1960 jornalista_aricunha@outlook.com MAMFIL circecunha@outlook.com Somente no dia em que a m\u00e1 gest\u00e3o administrativa nos servi\u00e7os p\u00fablicos resultar em pesadas penas criminais para os respons\u00e1veis diretos, os bilh\u00f5es de reais pagos pelos contribuintes resultar\u00e3o em atendimento de primeiro mundo. Enquanto esse tempo n\u00e3o chega, a flagrante decad\u00eancia do modelo de gest\u00e3o p\u00fablica \u00e9 exposta diariamente [&hellip;]"}

Sobra política, falta gestão - Blog do Ari Cunha

<blockquote class="wp-embedded-content" data-secret="Bfb6sAz1te"><a href="https://blogs2.correiobraziliense.com.br/aricunha/sobra-politica-falta-gestao/">Sobra política, falta gestão</a></blockquote><iframe sandbox="allow-scripts" security="restricted" src="https://blogs2.correiobraziliense.com.br/aricunha/sobra-politica-falta-gestao/embed/#?secret=Bfb6sAz1te" width="600" height="338" title="&#8220;Sobra política, falta gestão&#8221; &#8212; Blog do Ari Cunha" data-secret="Bfb6sAz1te" frameborder="0" marginwidth="0" marginheight="0" scrolling="no" class="wp-embedded-content"></iframe><script nonce="qkr8MAjxoT-IsO7hDvRbhQ">
/*! This file is auto-generated */
!function(d,l){"use strict";l.querySelector&&d.addEventListener&&"undefined"!=typeof URL&&(d.wp=d.wp||{},d.wp.receiveEmbedMessage||(d.wp.receiveEmbedMessage=function(e){var t=e.data;if((t||t.secret||t.message||t.value)&&!/[^a-zA-Z0-9]/.test(t.secret)){for(var s,r,n,a=l.querySelectorAll('iframe[data-secret="'+t.secret+'"]'),o=l.querySelectorAll('blockquote[data-secret="'+t.secret+'"]'),c=new RegExp("^https?:$","i"),i=0;i<o.length;i++)o[i].style.display="none";for(i=0;i<a.length;i++)s=a[i],e.source===s.contentWindow&&(s.removeAttribute("style"),"height"===t.message?(1e3<(r=parseInt(t.value,10))?r=1e3:~~r<200&&(r=200),s.height=r):"link"===t.message&&(r=new URL(s.getAttribute("src")),n=new URL(t.value),c.test(n.protocol))&&n.host===r.host&&l.activeElement===s&&(d.top.location.href=t.value))}},d.addEventListener("message",d.wp.receiveEmbedMessage,!1),l.addEventListener("DOMContentLoaded",function(){for(var e,t,s=l.querySelectorAll("iframe.wp-embedded-content"),r=0;r<s.length;r++)(t=(e=s[r]).getAttribute("data-secret"))||(t=Math.random().toString(36).substring(2,12),e.src+="#?secret="+t,e.setAttribute("data-secret",t)),e.contentWindow.postMessage({message:"ready",secret:t},"*")},!1)))}(window,document);
//# sourceURL=https://blogs2.correiobraziliense.com.br/aricunha/wp-includes/js/wp-embed.min.js
</script>

Desde 1960 jornalista_aricunha@outlook.com MAMFIL circecunha@outlook.com Somente no dia em que a má gestão administrativa nos serviços públicos resultar em pesadas penas criminais para os responsáveis diretos, os bilhões de reais pagos pelos contribuintes resultarão em atendimento de primeiro mundo. Enquanto esse tempo não chega, a flagrante decadência do modelo de gestão pública é exposta diariamente [&hellip;]
