{"version":"1.0","provider_name":"CB.Poder 2","provider_url":"https:\/\/blogs2.correiobraziliense.com.br\/cbpoder","author_name":"Ana Maria Campos","author_url":"https:\/\/blogs2.correiobraziliense.com.br\/cbpoder\/author\/anacampos\/","title":"Memorial da B\u00edblia vira pol\u00eamica - CB.Poder 2","type":"rich","width":600,"height":338,"html":"<blockquote class=\"wp-embedded-content\" data-secret=\"FbCuxxrDHm\"><a href=\"https:\/\/blogs2.correiobraziliense.com.br\/cbpoder\/memorial-da-biblia-vira-polemica\/\">Memorial da B\u00edblia vira pol\u00eamica<\/a><\/blockquote><iframe sandbox=\"allow-scripts\" security=\"restricted\" src=\"https:\/\/blogs2.correiobraziliense.com.br\/cbpoder\/memorial-da-biblia-vira-polemica\/embed\/#?secret=FbCuxxrDHm\" width=\"600\" height=\"338\" title=\"&#8220;Memorial da B\u00edblia vira pol\u00eamica&#8221; &#8212; CB.Poder 2\" data-secret=\"FbCuxxrDHm\" frameborder=\"0\" marginwidth=\"0\" marginheight=\"0\" scrolling=\"no\" class=\"wp-embedded-content\"><\/iframe><script nonce=\"rIs5C3wtge6IJhhbBBPOxg\">\n\/*! This file is auto-generated *\/\n!function(d,l){\"use strict\";l.querySelector&&d.addEventListener&&\"undefined\"!=typeof URL&&(d.wp=d.wp||{},d.wp.receiveEmbedMessage||(d.wp.receiveEmbedMessage=function(e){var t=e.data;if((t||t.secret||t.message||t.value)&&!\/[^a-zA-Z0-9]\/.test(t.secret)){for(var s,r,n,a=l.querySelectorAll('iframe[data-secret=\"'+t.secret+'\"]'),o=l.querySelectorAll('blockquote[data-secret=\"'+t.secret+'\"]'),c=new RegExp(\"^https?:$\",\"i\"),i=0;i<o.length;i++)o[i].style.display=\"none\";for(i=0;i<a.length;i++)s=a[i],e.source===s.contentWindow&&(s.removeAttribute(\"style\"),\"height\"===t.message?(1e3<(r=parseInt(t.value,10))?r=1e3:~~r<200&&(r=200),s.height=r):\"link\"===t.message&&(r=new URL(s.getAttribute(\"src\")),n=new URL(t.value),c.test(n.protocol))&&n.host===r.host&&l.activeElement===s&&(d.top.location.href=t.value))}},d.addEventListener(\"message\",d.wp.receiveEmbedMessage,!1),l.addEventListener(\"DOMContentLoaded\",function(){for(var e,t,s=l.querySelectorAll(\"iframe.wp-embedded-content\"),r=0;r<s.length;r++)(t=(e=s[r]).getAttribute(\"data-secret\"))||(t=Math.random().toString(36).substring(2,12),e.src+=\"#?secret=\"+t,e.setAttribute(\"data-secret\",t)),e.contentWindow.postMessage({message:\"ready\",secret:t},\"*\")},!1)))}(window,document);\n\/\/# sourceURL=https:\/\/blogs2.correiobraziliense.com.br\/cbpoder\/wp-includes\/js\/wp-embed.min.js\n<\/script>\n","thumbnail_url":"https:\/\/blogs2.correiobraziliense.com.br\/cbpoder\/wp-content\/uploads\/sites\/5\/2019\/12\/CBNFOT201220192352.jpg","thumbnail_width":800,"thumbnail_height":388,"description":"ANA MARIA CAMPOS A pedido da comunidade evang\u00e9lica, o governador Ibaneis Rocha (MDB) promoveu nesta semana o lan\u00e7amento da pedra fundamental do Memorial da B\u00edblia do Brasil, no Setor Militar Urbano (SMU). O projeto do monumento \u00e9 atribu\u00eddo a Oscar Niemeyer. O desenho foi elaborado a partir de um esbo\u00e7o do arquiteto. &nbsp; Mas o [&hellip;]"}

Memorial da Bíblia vira polêmica - CB.Poder 2

<blockquote class="wp-embedded-content" data-secret="FbCuxxrDHm"><a href="https://blogs2.correiobraziliense.com.br/cbpoder/memorial-da-biblia-vira-polemica/">Memorial da Bíblia vira polêmica</a></blockquote><iframe sandbox="allow-scripts" security="restricted" src="https://blogs2.correiobraziliense.com.br/cbpoder/memorial-da-biblia-vira-polemica/embed/#?secret=FbCuxxrDHm" width="600" height="338" title="&#8220;Memorial da Bíblia vira polêmica&#8221; &#8212; CB.Poder 2" data-secret="FbCuxxrDHm" frameborder="0" marginwidth="0" marginheight="0" scrolling="no" class="wp-embedded-content"></iframe><script nonce="rIs5C3wtge6IJhhbBBPOxg">
/*! This file is auto-generated */
!function(d,l){"use strict";l.querySelector&&d.addEventListener&&"undefined"!=typeof URL&&(d.wp=d.wp||{},d.wp.receiveEmbedMessage||(d.wp.receiveEmbedMessage=function(e){var t=e.data;if((t||t.secret||t.message||t.value)&&!/[^a-zA-Z0-9]/.test(t.secret)){for(var s,r,n,a=l.querySelectorAll('iframe[data-secret="'+t.secret+'"]'),o=l.querySelectorAll('blockquote[data-secret="'+t.secret+'"]'),c=new RegExp("^https?:$","i"),i=0;i<o.length;i++)o[i].style.display="none";for(i=0;i<a.length;i++)s=a[i],e.source===s.contentWindow&&(s.removeAttribute("style"),"height"===t.message?(1e3<(r=parseInt(t.value,10))?r=1e3:~~r<200&&(r=200),s.height=r):"link"===t.message&&(r=new URL(s.getAttribute("src")),n=new URL(t.value),c.test(n.protocol))&&n.host===r.host&&l.activeElement===s&&(d.top.location.href=t.value))}},d.addEventListener("message",d.wp.receiveEmbedMessage,!1),l.addEventListener("DOMContentLoaded",function(){for(var e,t,s=l.querySelectorAll("iframe.wp-embedded-content"),r=0;r<s.length;r++)(t=(e=s[r]).getAttribute("data-secret"))||(t=Math.random().toString(36).substring(2,12),e.src+="#?secret="+t,e.setAttribute("data-secret",t)),e.contentWindow.postMessage({message:"ready",secret:t},"*")},!1)))}(window,document);
//# sourceURL=https://blogs2.correiobraziliense.com.br/cbpoder/wp-includes/js/wp-embed.min.js
</script>

ANA MARIA CAMPOS A pedido da comunidade evangélica, o governador Ibaneis Rocha (MDB) promoveu nesta semana o lançamento da pedra fundamental do Memorial da Bíblia do Brasil, no Setor Militar Urbano (SMU). O projeto do monumento é atribuído a Oscar Niemeyer. O desenho foi elaborado a partir de um esboço do arquiteto. &nbsp; Mas o [&hellip;]
