{"version":"1.0","provider_name":"Blog da Denise","provider_url":"https:\/\/blogs2.correiobraziliense.com.br\/denise","author_name":"Denise Rothenburg","author_url":"https:\/\/blogs2.correiobraziliense.com.br\/denise\/author\/deniserothenburg\/","title":"Aumento real? Esquece - Blog da Denise","type":"rich","width":600,"height":338,"html":"<blockquote class=\"wp-embedded-content\" data-secret=\"HCxXTvTtoV\"><a href=\"https:\/\/blogs2.correiobraziliense.com.br\/denise\/aumento-real-esquece\/\">Aumento real? Esquece<\/a><\/blockquote><iframe sandbox=\"allow-scripts\" security=\"restricted\" src=\"https:\/\/blogs2.correiobraziliense.com.br\/denise\/aumento-real-esquece\/embed\/#?secret=HCxXTvTtoV\" width=\"600\" height=\"338\" title=\"&#8220;Aumento real? Esquece&#8221; &#8212; Blog da Denise\" data-secret=\"HCxXTvTtoV\" frameborder=\"0\" marginwidth=\"0\" marginheight=\"0\" scrolling=\"no\" class=\"wp-embedded-content\"><\/iframe><script nonce=\"JdtJgh8e_QTZd7XHZK5anA\">\n\/*! This file is auto-generated *\/\n!function(d,l){\"use strict\";l.querySelector&&d.addEventListener&&\"undefined\"!=typeof URL&&(d.wp=d.wp||{},d.wp.receiveEmbedMessage||(d.wp.receiveEmbedMessage=function(e){var t=e.data;if((t||t.secret||t.message||t.value)&&!\/[^a-zA-Z0-9]\/.test(t.secret)){for(var s,r,n,a=l.querySelectorAll('iframe[data-secret=\"'+t.secret+'\"]'),o=l.querySelectorAll('blockquote[data-secret=\"'+t.secret+'\"]'),c=new RegExp(\"^https?:$\",\"i\"),i=0;i<o.length;i++)o[i].style.display=\"none\";for(i=0;i<a.length;i++)s=a[i],e.source===s.contentWindow&&(s.removeAttribute(\"style\"),\"height\"===t.message?(1e3<(r=parseInt(t.value,10))?r=1e3:~~r<200&&(r=200),s.height=r):\"link\"===t.message&&(r=new URL(s.getAttribute(\"src\")),n=new URL(t.value),c.test(n.protocol))&&n.host===r.host&&l.activeElement===s&&(d.top.location.href=t.value))}},d.addEventListener(\"message\",d.wp.receiveEmbedMessage,!1),l.addEventListener(\"DOMContentLoaded\",function(){for(var e,t,s=l.querySelectorAll(\"iframe.wp-embedded-content\"),r=0;r<s.length;r++)(t=(e=s[r]).getAttribute(\"data-secret\"))||(t=Math.random().toString(36).substring(2,12),e.src+=\"#?secret=\"+t,e.setAttribute(\"data-secret\",t)),e.contentWindow.postMessage({message:\"ready\",secret:t},\"*\")},!1)))}(window,document);\n\/\/# sourceURL=https:\/\/blogs2.correiobraziliense.com.br\/denise\/wp-includes\/js\/wp-embed.min.js\n<\/script>\n","description":"Se depender da posi\u00e7\u00e3o do Minist\u00e9rio da Fazenda, os servidores da Uni\u00e3o podem perder as esperan\u00e7as de qualquer aumento salarial acima da infla\u00e7\u00e3o. E nem adianta espernear. \u201cO pa\u00eds n\u00e3o tem condi\u00e7\u00f5es de dar aumento real para o funcionalismo nem em 2018 e nem em 2019\u201d, avisa o secret\u00e1rio de Acompanhamento Fiscal, Energia e Loterias, [&hellip;]","thumbnail_url":"https:\/\/blogs2.correiobraziliense.com.br\/denise\/wp-content\/uploads\/sites\/12\/2015\/11\/avatar2.jpg","thumbnail_width":500,"thumbnail_height":500}

Se depender da posição do Ministério da Fazenda, os servidores da União podem perder as esperanças de qualquer aumento salarial acima da inflação. E nem adianta espernear. “O país não tem condições de dar aumento real para o funcionalismo nem em 2018 e nem em 2019”, avisa o secretário de Acompanhamento Fiscal, Energia e Loterias, [&hellip;]
