{"version":"1.0","provider_name":"Blog da Denise","provider_url":"https:\/\/blogs2.correiobraziliense.com.br\/denise","author_name":"Denise Rothenburg","author_url":"https:\/\/blogs2.correiobraziliense.com.br\/denise\/author\/deniserothenburg\/","title":"Eduardo em movimento - Blog da Denise","type":"rich","width":600,"height":338,"html":"<blockquote class=\"wp-embedded-content\" data-secret=\"MEZUthnuUT\"><a href=\"https:\/\/blogs2.correiobraziliense.com.br\/denise\/eduardo-em-movimento\/\">Eduardo em movimento<\/a><\/blockquote><iframe sandbox=\"allow-scripts\" security=\"restricted\" src=\"https:\/\/blogs2.correiobraziliense.com.br\/denise\/eduardo-em-movimento\/embed\/#?secret=MEZUthnuUT\" width=\"600\" height=\"338\" title=\"&#8220;Eduardo em movimento&#8221; &#8212; Blog da Denise\" data-secret=\"MEZUthnuUT\" frameborder=\"0\" marginwidth=\"0\" marginheight=\"0\" scrolling=\"no\" class=\"wp-embedded-content\"><\/iframe><script nonce=\"i29rGdpFcRm0of-J2ixx5A\">\n\/*! This file is auto-generated *\/\n!function(d,l){\"use strict\";l.querySelector&&d.addEventListener&&\"undefined\"!=typeof URL&&(d.wp=d.wp||{},d.wp.receiveEmbedMessage||(d.wp.receiveEmbedMessage=function(e){var t=e.data;if((t||t.secret||t.message||t.value)&&!\/[^a-zA-Z0-9]\/.test(t.secret)){for(var s,r,n,a=l.querySelectorAll('iframe[data-secret=\"'+t.secret+'\"]'),o=l.querySelectorAll('blockquote[data-secret=\"'+t.secret+'\"]'),c=new RegExp(\"^https?:$\",\"i\"),i=0;i<o.length;i++)o[i].style.display=\"none\";for(i=0;i<a.length;i++)s=a[i],e.source===s.contentWindow&&(s.removeAttribute(\"style\"),\"height\"===t.message?(1e3<(r=parseInt(t.value,10))?r=1e3:~~r<200&&(r=200),s.height=r):\"link\"===t.message&&(r=new URL(s.getAttribute(\"src\")),n=new URL(t.value),c.test(n.protocol))&&n.host===r.host&&l.activeElement===s&&(d.top.location.href=t.value))}},d.addEventListener(\"message\",d.wp.receiveEmbedMessage,!1),l.addEventListener(\"DOMContentLoaded\",function(){for(var e,t,s=l.querySelectorAll(\"iframe.wp-embedded-content\"),r=0;r<s.length;r++)(t=(e=s[r]).getAttribute(\"data-secret\"))||(t=Math.random().toString(36).substring(2,12),e.src+=\"#?secret=\"+t,e.setAttribute(\"data-secret\",t)),e.contentWindow.postMessage({message:\"ready\",secret:t},\"*\")},!1)))}(window,document);\n\/\/# sourceURL=https:\/\/blogs2.correiobraziliense.com.br\/denise\/wp-includes\/js\/wp-embed.min.js\n<\/script>\n","description":"O fato de Eduardo Cunha ter enviado recado aos parlamentares dizendo que, se cair, n\u00e3o vai sozinho, fez com que perdesse parte dos votos que ainda det\u00e9m na C\u00e2mara, na avalia\u00e7\u00e3o de muitos, a amea\u00e7a passa a ideia de que \u201cquem votar com ele \u00e9 porque est\u00e1 com medo\u201d. Por isso, na semana que vem, [&hellip;]","thumbnail_url":"https:\/\/blogs2.correiobraziliense.com.br\/denise\/wp-content\/uploads\/sites\/12\/2015\/11\/avatar2.jpg","thumbnail_width":500,"thumbnail_height":500}

O fato de Eduardo Cunha ter enviado recado aos parlamentares dizendo que, se cair, não vai sozinho, fez com que perdesse parte dos votos que ainda detém na Câmara, na avaliação de muitos, a ameaça passa a ideia de que “quem votar com ele é porque está com medo”. Por isso, na semana que vem, [&hellip;]
