{"version":"1.0","provider_name":"Blog da Denise","provider_url":"https:\/\/blogs2.correiobraziliense.com.br\/denise","author_name":"Denise Rothenburg","author_url":"https:\/\/blogs2.correiobraziliense.com.br\/denise\/author\/deniserothenburg\/","title":"A nova Vila Euclides - Blog da Denise","type":"rich","width":600,"height":338,"html":"<blockquote class=\"wp-embedded-content\" data-secret=\"HYYJTxfqnj\"><a href=\"https:\/\/blogs2.correiobraziliense.com.br\/denise\/nova-vila-euclides\/\">A nova Vila Euclides<\/a><\/blockquote><iframe sandbox=\"allow-scripts\" security=\"restricted\" src=\"https:\/\/blogs2.correiobraziliense.com.br\/denise\/nova-vila-euclides\/embed\/#?secret=HYYJTxfqnj\" width=\"600\" height=\"338\" title=\"&#8220;A nova Vila Euclides&#8221; &#8212; Blog da Denise\" data-secret=\"HYYJTxfqnj\" frameborder=\"0\" marginwidth=\"0\" marginheight=\"0\" scrolling=\"no\" class=\"wp-embedded-content\"><\/iframe><script nonce=\"1w0AQGzluqDrI6dvrcj4vA\">\n\/*! This file is auto-generated *\/\n!function(d,l){\"use strict\";l.querySelector&&d.addEventListener&&\"undefined\"!=typeof URL&&(d.wp=d.wp||{},d.wp.receiveEmbedMessage||(d.wp.receiveEmbedMessage=function(e){var t=e.data;if((t||t.secret||t.message||t.value)&&!\/[^a-zA-Z0-9]\/.test(t.secret)){for(var s,r,n,a=l.querySelectorAll('iframe[data-secret=\"'+t.secret+'\"]'),o=l.querySelectorAll('blockquote[data-secret=\"'+t.secret+'\"]'),c=new RegExp(\"^https?:$\",\"i\"),i=0;i<o.length;i++)o[i].style.display=\"none\";for(i=0;i<a.length;i++)s=a[i],e.source===s.contentWindow&&(s.removeAttribute(\"style\"),\"height\"===t.message?(1e3<(r=parseInt(t.value,10))?r=1e3:~~r<200&&(r=200),s.height=r):\"link\"===t.message&&(r=new URL(s.getAttribute(\"src\")),n=new URL(t.value),c.test(n.protocol))&&n.host===r.host&&l.activeElement===s&&(d.top.location.href=t.value))}},d.addEventListener(\"message\",d.wp.receiveEmbedMessage,!1),l.addEventListener(\"DOMContentLoaded\",function(){for(var e,t,s=l.querySelectorAll(\"iframe.wp-embedded-content\"),r=0;r<s.length;r++)(t=(e=s[r]).getAttribute(\"data-secret\"))||(t=Math.random().toString(36).substring(2,12),e.src+=\"#?secret=\"+t,e.setAttribute(\"data-secret\",t)),e.contentWindow.postMessage({message:\"ready\",secret:t},\"*\")},!1)))}(window,document);\n\/\/# sourceURL=https:\/\/blogs2.correiobraziliense.com.br\/denise\/wp-includes\/js\/wp-embed.min.js\n<\/script>\n","description":"A simbologia da concentra\u00e7\u00e3o do PT no Sindicato dos Metal\u00fargicos de S\u00e3o Paulo durante toda a sexta-feira foi proposital, num esfor\u00e7o para recriar o clima das assembleias da Vila Euclides, famosas em abril de 1980, quando Lula foi preso pela pol\u00edcia do regime militar junto com outros dirigentes sindicais do ABC. Enquanto os metal\u00fargicos se [&hellip;]","thumbnail_url":"https:\/\/blogs2.correiobraziliense.com.br\/denise\/wp-content\/uploads\/sites\/12\/2015\/11\/avatar2.jpg","thumbnail_width":500,"thumbnail_height":500}

A simbologia da concentração do PT no Sindicato dos Metalúrgicos de São Paulo durante toda a sexta-feira foi proposital, num esforço para recriar o clima das assembleias da Vila Euclides, famosas em abril de 1980, quando Lula foi preso pela polícia do regime militar junto com outros dirigentes sindicais do ABC. Enquanto os metalúrgicos se [&hellip;]
