{"version":"1.0","provider_name":"Blog da Denise","provider_url":"https:\/\/blogs2.correiobraziliense.com.br\/denise","author_name":"Denise Rothenburg","author_url":"https:\/\/blogs2.correiobraziliense.com.br\/denise\/author\/deniserothenburg\/","title":"Parecer das contas antecipado - Blog da Denise","type":"rich","width":600,"height":338,"html":"<blockquote class=\"wp-embedded-content\" data-secret=\"Rit4JTvY5x\"><a href=\"https:\/\/blogs2.correiobraziliense.com.br\/denise\/parecer-das-contas-antecipado\/\">Parecer das contas antecipado<\/a><\/blockquote><iframe sandbox=\"allow-scripts\" security=\"restricted\" src=\"https:\/\/blogs2.correiobraziliense.com.br\/denise\/parecer-das-contas-antecipado\/embed\/#?secret=Rit4JTvY5x\" width=\"600\" height=\"338\" title=\"&#8220;Parecer das contas antecipado&#8221; &#8212; Blog da Denise\" data-secret=\"Rit4JTvY5x\" frameborder=\"0\" marginwidth=\"0\" marginheight=\"0\" scrolling=\"no\" class=\"wp-embedded-content\"><\/iframe><script nonce=\"Vbc3XXIp5RGT5V3s2OL2oA\">\n\/*! This file is auto-generated *\/\n!function(d,l){\"use strict\";l.querySelector&&d.addEventListener&&\"undefined\"!=typeof URL&&(d.wp=d.wp||{},d.wp.receiveEmbedMessage||(d.wp.receiveEmbedMessage=function(e){var t=e.data;if((t||t.secret||t.message||t.value)&&!\/[^a-zA-Z0-9]\/.test(t.secret)){for(var s,r,n,a=l.querySelectorAll('iframe[data-secret=\"'+t.secret+'\"]'),o=l.querySelectorAll('blockquote[data-secret=\"'+t.secret+'\"]'),c=new RegExp(\"^https?:$\",\"i\"),i=0;i<o.length;i++)o[i].style.display=\"none\";for(i=0;i<a.length;i++)s=a[i],e.source===s.contentWindow&&(s.removeAttribute(\"style\"),\"height\"===t.message?(1e3<(r=parseInt(t.value,10))?r=1e3:~~r<200&&(r=200),s.height=r):\"link\"===t.message&&(r=new URL(s.getAttribute(\"src\")),n=new URL(t.value),c.test(n.protocol))&&n.host===r.host&&l.activeElement===s&&(d.top.location.href=t.value))}},d.addEventListener(\"message\",d.wp.receiveEmbedMessage,!1),l.addEventListener(\"DOMContentLoaded\",function(){for(var e,t,s=l.querySelectorAll(\"iframe.wp-embedded-content\"),r=0;r<s.length;r++)(t=(e=s[r]).getAttribute(\"data-secret\"))||(t=Math.random().toString(36).substring(2,12),e.src+=\"#?secret=\"+t,e.setAttribute(\"data-secret\",t)),e.contentWindow.postMessage({message:\"ready\",secret:t},\"*\")},!1)))}(window,document);\n\/\/# sourceURL=https:\/\/blogs2.correiobraziliense.com.br\/denise\/wp-includes\/js\/wp-embed.min.js\n<\/script>\n","description":"A exposi\u00e7\u00e3o do procurador J\u00falio Marcelo de Oliveira, ontem, na comiss\u00e3o especial do impeachment no Senado, praticamente sepultou as esperan\u00e7as do governo em rela\u00e7\u00e3o \u00e0s \u201cpedaladas\u201d fiscais de 2015. Enterrou ainda as apostas numa recomenda\u00e7\u00e3o favor\u00e1vel \u00e0 aprova\u00e7\u00e3o das contas do ano passado por parte do Minist\u00e9rio P\u00fablico junto ao Tribunal de Contas da Uni\u00e3o [&hellip;]","thumbnail_url":"https:\/\/blogs2.correiobraziliense.com.br\/denise\/wp-content\/uploads\/sites\/12\/2015\/11\/avatar2.jpg","thumbnail_width":500,"thumbnail_height":500}

A exposição do procurador Júlio Marcelo de Oliveira, ontem, na comissão especial do impeachment no Senado, praticamente sepultou as esperanças do governo em relação às “pedaladas” fiscais de 2015. Enterrou ainda as apostas numa recomendação favorável à aprovação das contas do ano passado por parte do Ministério Público junto ao Tribunal de Contas da União [&hellip;]
