{"version":"1.0","provider_name":"Blog da Denise","provider_url":"https:\/\/blogs2.correiobraziliense.com.br\/denise","author_name":"Denise Rothenburg","author_url":"https:\/\/blogs2.correiobraziliense.com.br\/denise\/author\/deniserothenburg\/","title":"Pr\u00f3ximas Etapas: Previd\u00eancia e 2018 - Blog da Denise","type":"rich","width":600,"height":338,"html":"<blockquote class=\"wp-embedded-content\" data-secret=\"PvsiObDCf9\"><a href=\"https:\/\/blogs2.correiobraziliense.com.br\/denise\/proximas-etapas-previdencia-e-2018\/\">Pr\u00f3ximas Etapas: Previd\u00eancia e 2018<\/a><\/blockquote><iframe sandbox=\"allow-scripts\" security=\"restricted\" src=\"https:\/\/blogs2.correiobraziliense.com.br\/denise\/proximas-etapas-previdencia-e-2018\/embed\/#?secret=PvsiObDCf9\" width=\"600\" height=\"338\" title=\"&#8220;Pr\u00f3ximas Etapas: Previd\u00eancia e 2018&#8221; &#8212; Blog da Denise\" data-secret=\"PvsiObDCf9\" frameborder=\"0\" marginwidth=\"0\" marginheight=\"0\" scrolling=\"no\" class=\"wp-embedded-content\"><\/iframe><script nonce=\"PcA-vWArplKCP1LJN9j7EQ\">\n\/*! This file is auto-generated *\/\n!function(d,l){\"use strict\";l.querySelector&&d.addEventListener&&\"undefined\"!=typeof URL&&(d.wp=d.wp||{},d.wp.receiveEmbedMessage||(d.wp.receiveEmbedMessage=function(e){var t=e.data;if((t||t.secret||t.message||t.value)&&!\/[^a-zA-Z0-9]\/.test(t.secret)){for(var s,r,n,a=l.querySelectorAll('iframe[data-secret=\"'+t.secret+'\"]'),o=l.querySelectorAll('blockquote[data-secret=\"'+t.secret+'\"]'),c=new RegExp(\"^https?:$\",\"i\"),i=0;i<o.length;i++)o[i].style.display=\"none\";for(i=0;i<a.length;i++)s=a[i],e.source===s.contentWindow&&(s.removeAttribute(\"style\"),\"height\"===t.message?(1e3<(r=parseInt(t.value,10))?r=1e3:~~r<200&&(r=200),s.height=r):\"link\"===t.message&&(r=new URL(s.getAttribute(\"src\")),n=new URL(t.value),c.test(n.protocol))&&n.host===r.host&&l.activeElement===s&&(d.top.location.href=t.value))}},d.addEventListener(\"message\",d.wp.receiveEmbedMessage,!1),l.addEventListener(\"DOMContentLoaded\",function(){for(var e,t,s=l.querySelectorAll(\"iframe.wp-embedded-content\"),r=0;r<s.length;r++)(t=(e=s[r]).getAttribute(\"data-secret\"))||(t=Math.random().toString(36).substring(2,12),e.src+=\"#?secret=\"+t,e.setAttribute(\"data-secret\",t)),e.contentWindow.postMessage({message:\"ready\",secret:t},\"*\")},!1)))}(window,document);\n\/\/# sourceURL=https:\/\/blogs2.correiobraziliense.com.br\/denise\/wp-includes\/js\/wp-embed.min.js\n<\/script>\n","description":"N\u00e3o se surpreendam se o presidente da C\u00e2mara, Rodrigo Maia (DEM-RJ), convocar a Casa para debater a reforma da Previd\u00eancia j\u00e1 na pr\u00f3xima segunda-feira. Rodrigo tem pressa. Pressa em mostrar que tem poder de comando e responsabilidade, como ele mesmo diz, para acelerar a retomada do crescimento econ\u00f4mico e da confian\u00e7a dos investidores. Ele tem [&hellip;]","thumbnail_url":"https:\/\/blogs2.correiobraziliense.com.br\/denise\/wp-content\/uploads\/sites\/12\/2015\/11\/avatar2.jpg","thumbnail_width":500,"thumbnail_height":500}

Próximas Etapas: Previdência e 2018 - Blog da Denise

<blockquote class="wp-embedded-content" data-secret="PvsiObDCf9"><a href="https://blogs2.correiobraziliense.com.br/denise/proximas-etapas-previdencia-e-2018/">Próximas Etapas: Previdência e 2018</a></blockquote><iframe sandbox="allow-scripts" security="restricted" src="https://blogs2.correiobraziliense.com.br/denise/proximas-etapas-previdencia-e-2018/embed/#?secret=PvsiObDCf9" width="600" height="338" title="&#8220;Próximas Etapas: Previdência e 2018&#8221; &#8212; Blog da Denise" data-secret="PvsiObDCf9" frameborder="0" marginwidth="0" marginheight="0" scrolling="no" class="wp-embedded-content"></iframe><script nonce="PcA-vWArplKCP1LJN9j7EQ">
/*! This file is auto-generated */
!function(d,l){"use strict";l.querySelector&&d.addEventListener&&"undefined"!=typeof URL&&(d.wp=d.wp||{},d.wp.receiveEmbedMessage||(d.wp.receiveEmbedMessage=function(e){var t=e.data;if((t||t.secret||t.message||t.value)&&!/[^a-zA-Z0-9]/.test(t.secret)){for(var s,r,n,a=l.querySelectorAll('iframe[data-secret="'+t.secret+'"]'),o=l.querySelectorAll('blockquote[data-secret="'+t.secret+'"]'),c=new RegExp("^https?:$","i"),i=0;i<o.length;i++)o[i].style.display="none";for(i=0;i<a.length;i++)s=a[i],e.source===s.contentWindow&&(s.removeAttribute("style"),"height"===t.message?(1e3<(r=parseInt(t.value,10))?r=1e3:~~r<200&&(r=200),s.height=r):"link"===t.message&&(r=new URL(s.getAttribute("src")),n=new URL(t.value),c.test(n.protocol))&&n.host===r.host&&l.activeElement===s&&(d.top.location.href=t.value))}},d.addEventListener("message",d.wp.receiveEmbedMessage,!1),l.addEventListener("DOMContentLoaded",function(){for(var e,t,s=l.querySelectorAll("iframe.wp-embedded-content"),r=0;r<s.length;r++)(t=(e=s[r]).getAttribute("data-secret"))||(t=Math.random().toString(36).substring(2,12),e.src+="#?secret="+t,e.setAttribute("data-secret",t)),e.contentWindow.postMessage({message:"ready",secret:t},"*")},!1)))}(window,document);
//# sourceURL=https://blogs2.correiobraziliense.com.br/denise/wp-includes/js/wp-embed.min.js
</script>

Não se surpreendam se o presidente da Câmara, Rodrigo Maia (DEM-RJ), convocar a Casa para debater a reforma da Previdência já na próxima segunda-feira. Rodrigo tem pressa. Pressa em mostrar que tem poder de comando e responsabilidade, como ele mesmo diz, para acelerar a retomada do crescimento econômico e da confiança dos investidores. Ele tem [&hellip;]
