{"version":"1.0","provider_name":"Blog da Denise","provider_url":"https:\/\/blogs2.correiobraziliense.com.br\/denise","author_name":"Denise Rothenburg","author_url":"https:\/\/blogs2.correiobraziliense.com.br\/denise\/author\/deniserothenburg\/","title":"Temer e o TCU - Blog da Denise","type":"rich","width":600,"height":338,"html":"<blockquote class=\"wp-embedded-content\" data-secret=\"1Kjjr3AbXB\"><a href=\"https:\/\/blogs2.correiobraziliense.com.br\/denise\/temer-e-o-tcu\/\">Temer e o TCU<\/a><\/blockquote><iframe sandbox=\"allow-scripts\" security=\"restricted\" src=\"https:\/\/blogs2.correiobraziliense.com.br\/denise\/temer-e-o-tcu\/embed\/#?secret=1Kjjr3AbXB\" width=\"600\" height=\"338\" title=\"&#8220;Temer e o TCU&#8221; &#8212; Blog da Denise\" data-secret=\"1Kjjr3AbXB\" frameborder=\"0\" marginwidth=\"0\" marginheight=\"0\" scrolling=\"no\" class=\"wp-embedded-content\"><\/iframe><script nonce=\"sFLkE1I6zReAJjK9ruM9-Q\">\n\/*! This file is auto-generated *\/\n!function(d,l){\"use strict\";l.querySelector&&d.addEventListener&&\"undefined\"!=typeof URL&&(d.wp=d.wp||{},d.wp.receiveEmbedMessage||(d.wp.receiveEmbedMessage=function(e){var t=e.data;if((t||t.secret||t.message||t.value)&&!\/[^a-zA-Z0-9]\/.test(t.secret)){for(var s,r,n,a=l.querySelectorAll('iframe[data-secret=\"'+t.secret+'\"]'),o=l.querySelectorAll('blockquote[data-secret=\"'+t.secret+'\"]'),c=new RegExp(\"^https?:$\",\"i\"),i=0;i<o.length;i++)o[i].style.display=\"none\";for(i=0;i<a.length;i++)s=a[i],e.source===s.contentWindow&&(s.removeAttribute(\"style\"),\"height\"===t.message?(1e3<(r=parseInt(t.value,10))?r=1e3:~~r<200&&(r=200),s.height=r):\"link\"===t.message&&(r=new URL(s.getAttribute(\"src\")),n=new URL(t.value),c.test(n.protocol))&&n.host===r.host&&l.activeElement===s&&(d.top.location.href=t.value))}},d.addEventListener(\"message\",d.wp.receiveEmbedMessage,!1),l.addEventListener(\"DOMContentLoaded\",function(){for(var e,t,s=l.querySelectorAll(\"iframe.wp-embedded-content\"),r=0;r<s.length;r++)(t=(e=s[r]).getAttribute(\"data-secret\"))||(t=Math.random().toString(36).substring(2,12),e.src+=\"#?secret=\"+t,e.setAttribute(\"data-secret\",t)),e.contentWindow.postMessage({message:\"ready\",secret:t},\"*\")},!1)))}(window,document);\n\/\/# sourceURL=https:\/\/blogs2.correiobraziliense.com.br\/denise\/wp-includes\/js\/wp-embed.min.js\n<\/script>\n","description":"Engana-se quem pensa que o vice-presidente, Michel Temer, est\u00e1 paralisado diante das informa\u00e7\u00f5es de que, no exerc\u00edcio da Presid\u00eancia, ele tamb\u00e9m assinou decretos que resultaram em gastos sem cobertura, as famosas \u201cpedaladas\u201d. Na quarta-feira, Temer chegou tarde ao jantar de confraterniza\u00e7\u00e3o na casa do senador Eun\u00edcio Oliveira (PMDB-CE), porque teve um encontro no Pal\u00e1cio do [&hellip;]","thumbnail_url":"https:\/\/blogs2.correiobraziliense.com.br\/denise\/wp-content\/uploads\/sites\/12\/2015\/11\/avatar2.jpg","thumbnail_width":500,"thumbnail_height":500}

Engana-se quem pensa que o vice-presidente, Michel Temer, está paralisado diante das informações de que, no exercício da Presidência, ele também assinou decretos que resultaram em gastos sem cobertura, as famosas “pedaladas”. Na quarta-feira, Temer chegou tarde ao jantar de confraternização na casa do senador Eunício Oliveira (PMDB-CE), porque teve um encontro no Palácio do [&hellip;]
