{"version":"1.0","provider_name":"Blog da Denise","provider_url":"https:\/\/blogs2.correiobraziliense.com.br\/denise","author_name":"Denise Rothenburg","author_url":"https:\/\/blogs2.correiobraziliense.com.br\/denise\/author\/deniserothenburg\/","title":"A torcida de Eduardo - Blog da Denise","type":"rich","width":600,"height":338,"html":"<blockquote class=\"wp-embedded-content\" data-secret=\"G4XYxoXWY9\"><a href=\"https:\/\/blogs2.correiobraziliense.com.br\/denise\/torcida-de-eduardo\/\">A torcida de Eduardo<\/a><\/blockquote><iframe sandbox=\"allow-scripts\" security=\"restricted\" src=\"https:\/\/blogs2.correiobraziliense.com.br\/denise\/torcida-de-eduardo\/embed\/#?secret=G4XYxoXWY9\" width=\"600\" height=\"338\" title=\"&#8220;A torcida de Eduardo&#8221; &#8212; Blog da Denise\" data-secret=\"G4XYxoXWY9\" frameborder=\"0\" marginwidth=\"0\" marginheight=\"0\" scrolling=\"no\" class=\"wp-embedded-content\"><\/iframe><script nonce=\"-ByWyet2mEzB2906I6gXnw\">\n\/*! This file is auto-generated *\/\n!function(d,l){\"use strict\";l.querySelector&&d.addEventListener&&\"undefined\"!=typeof URL&&(d.wp=d.wp||{},d.wp.receiveEmbedMessage||(d.wp.receiveEmbedMessage=function(e){var t=e.data;if((t||t.secret||t.message||t.value)&&!\/[^a-zA-Z0-9]\/.test(t.secret)){for(var s,r,n,a=l.querySelectorAll('iframe[data-secret=\"'+t.secret+'\"]'),o=l.querySelectorAll('blockquote[data-secret=\"'+t.secret+'\"]'),c=new RegExp(\"^https?:$\",\"i\"),i=0;i<o.length;i++)o[i].style.display=\"none\";for(i=0;i<a.length;i++)s=a[i],e.source===s.contentWindow&&(s.removeAttribute(\"style\"),\"height\"===t.message?(1e3<(r=parseInt(t.value,10))?r=1e3:~~r<200&&(r=200),s.height=r):\"link\"===t.message&&(r=new URL(s.getAttribute(\"src\")),n=new URL(t.value),c.test(n.protocol))&&n.host===r.host&&l.activeElement===s&&(d.top.location.href=t.value))}},d.addEventListener(\"message\",d.wp.receiveEmbedMessage,!1),l.addEventListener(\"DOMContentLoaded\",function(){for(var e,t,s=l.querySelectorAll(\"iframe.wp-embedded-content\"),r=0;r<s.length;r++)(t=(e=s[r]).getAttribute(\"data-secret\"))||(t=Math.random().toString(36).substring(2,12),e.src+=\"#?secret=\"+t,e.setAttribute(\"data-secret\",t)),e.contentWindow.postMessage({message:\"ready\",secret:t},\"*\")},!1)))}(window,document);\n\/\/# sourceURL=https:\/\/blogs2.correiobraziliense.com.br\/denise\/wp-includes\/js\/wp-embed.min.js\n<\/script>\n","description":"&nbsp; Se tem algu\u00e9m torcendo para o presidente Michel Temer n\u00e3o cair em fun\u00e7\u00e3o do encontro com Joesley Batista, esse algu\u00e9m \u00e9 Eduardo Cunha. \u00c9 que, se Temer sucumbir, Cunha perde seu \u00fanico \u201cproduto\u201d numa dela\u00e7\u00e3o premiada. Para conseguir levar o Minist\u00e9rio P\u00fablico a aceitar os termos de uma poss\u00edvel dela\u00e7\u00e3o, Cunha precisa ainda de [&hellip;]","thumbnail_url":"https:\/\/blogs2.correiobraziliense.com.br\/denise\/wp-content\/uploads\/sites\/12\/2015\/11\/avatar2.jpg","thumbnail_width":500,"thumbnail_height":500}

&nbsp; Se tem alguém torcendo para o presidente Michel Temer não cair em função do encontro com Joesley Batista, esse alguém é Eduardo Cunha. É que, se Temer sucumbir, Cunha perde seu único “produto” numa delação premiada. Para conseguir levar o Ministério Público a aceitar os termos de uma possível delação, Cunha precisa ainda de [&hellip;]
