{"version":"1.0","provider_name":"Blog do Vicente","provider_url":"https:\/\/blogs2.correiobraziliense.com.br\/vicente","author_name":"Vicente Nunes","author_url":"https:\/\/blogs2.correiobraziliense.com.br\/vicente\/author\/vicentenunes-df\/","title":"COMO FICA TOMBINI? - Blog do Vicente","type":"rich","width":600,"height":338,"html":"<blockquote class=\"wp-embedded-content\" data-secret=\"sYt9krwwiv\"><a href=\"https:\/\/blogs2.correiobraziliense.com.br\/vicente\/como-fica-tombini\/\">COMO FICA TOMBINI?<\/a><\/blockquote><iframe sandbox=\"allow-scripts\" security=\"restricted\" src=\"https:\/\/blogs2.correiobraziliense.com.br\/vicente\/como-fica-tombini\/embed\/#?secret=sYt9krwwiv\" width=\"600\" height=\"338\" title=\"&#8220;COMO FICA TOMBINI?&#8221; &#8212; Blog do Vicente\" data-secret=\"sYt9krwwiv\" frameborder=\"0\" marginwidth=\"0\" marginheight=\"0\" scrolling=\"no\" class=\"wp-embedded-content\"><\/iframe><script nonce=\"xUS17G_TxuT2UmdMkteJ-w\">\n\/*! This file is auto-generated *\/\n!function(d,l){\"use strict\";l.querySelector&&d.addEventListener&&\"undefined\"!=typeof URL&&(d.wp=d.wp||{},d.wp.receiveEmbedMessage||(d.wp.receiveEmbedMessage=function(e){var t=e.data;if((t||t.secret||t.message||t.value)&&!\/[^a-zA-Z0-9]\/.test(t.secret)){for(var s,r,n,a=l.querySelectorAll('iframe[data-secret=\"'+t.secret+'\"]'),o=l.querySelectorAll('blockquote[data-secret=\"'+t.secret+'\"]'),c=new RegExp(\"^https?:$\",\"i\"),i=0;i<o.length;i++)o[i].style.display=\"none\";for(i=0;i<a.length;i++)s=a[i],e.source===s.contentWindow&&(s.removeAttribute(\"style\"),\"height\"===t.message?(1e3<(r=parseInt(t.value,10))?r=1e3:~~r<200&&(r=200),s.height=r):\"link\"===t.message&&(r=new URL(s.getAttribute(\"src\")),n=new URL(t.value),c.test(n.protocol))&&n.host===r.host&&l.activeElement===s&&(d.top.location.href=t.value))}},d.addEventListener(\"message\",d.wp.receiveEmbedMessage,!1),l.addEventListener(\"DOMContentLoaded\",function(){for(var e,t,s=l.querySelectorAll(\"iframe.wp-embedded-content\"),r=0;r<s.length;r++)(t=(e=s[r]).getAttribute(\"data-secret\"))||(t=Math.random().toString(36).substring(2,12),e.src+=\"#?secret=\"+t,e.setAttribute(\"data-secret\",t)),e.contentWindow.postMessage({message:\"ready\",secret:t},\"*\")},!1)))}(window,document);\n\/\/# sourceURL=https:\/\/blogs2.correiobraziliense.com.br\/vicente\/wp-includes\/js\/wp-embed.min.js\n<\/script>\n","description":"\u00bb Assim que a demiss\u00e3o do ministro da Fazenda, Joaquim Levy, se tornou p\u00fablica ontem, houve um certo alvoro\u00e7o no mercado financeiro em torno da perman\u00eancia de Alexandre Tombini na Presid\u00eancia do Banco Central. Pela manh\u00e3, ele havia refor\u00e7ado que a institui\u00e7\u00e3o tem autonomia para aumentar os juros a fim de levar a infla\u00e7\u00e3o para [&hellip;]","thumbnail_url":"https:\/\/blogs2.correiobraziliense.com.br\/vicente\/wp-content\/uploads\/sites\/16\/2016\/05\/avatar_vicente.png","thumbnail_width":200,"thumbnail_height":200}

» Assim que a demissão do ministro da Fazenda, Joaquim Levy, se tornou pública ontem, houve um certo alvoroço no mercado financeiro em torno da permanência de Alexandre Tombini na Presidência do Banco Central. Pela manhã, ele havia reforçado que a instituição tem autonomia para aumentar os juros a fim de levar a inflação para [&hellip;]
