{"version":"1.0","provider_name":"Blog do Vicente","provider_url":"https:\/\/blogs2.correiobraziliense.com.br\/vicente","author_name":"Vicente Nunes","author_url":"https:\/\/blogs2.correiobraziliense.com.br\/vicente\/author\/vicentenunes-df\/","title":"Energia d\u00e1 al\u00edvio \u00e0 infla\u00e7\u00e3o - Blog do Vicente","type":"rich","width":600,"height":338,"html":"<blockquote class=\"wp-embedded-content\" data-secret=\"H0O8pN5SBx\"><a href=\"https:\/\/blogs2.correiobraziliense.com.br\/vicente\/energia-da-alivio-inflacao\/\">Energia d\u00e1 al\u00edvio \u00e0 infla\u00e7\u00e3o<\/a><\/blockquote><iframe sandbox=\"allow-scripts\" security=\"restricted\" src=\"https:\/\/blogs2.correiobraziliense.com.br\/vicente\/energia-da-alivio-inflacao\/embed\/#?secret=H0O8pN5SBx\" width=\"600\" height=\"338\" title=\"&#8220;Energia d\u00e1 al\u00edvio \u00e0 infla\u00e7\u00e3o&#8221; &#8212; Blog do Vicente\" data-secret=\"H0O8pN5SBx\" frameborder=\"0\" marginwidth=\"0\" marginheight=\"0\" scrolling=\"no\" class=\"wp-embedded-content\"><\/iframe><script nonce=\"VrWBAA4fR4afcazQLMSJVw\">\n\/*! This file is auto-generated *\/\n!function(d,l){\"use strict\";l.querySelector&&d.addEventListener&&\"undefined\"!=typeof URL&&(d.wp=d.wp||{},d.wp.receiveEmbedMessage||(d.wp.receiveEmbedMessage=function(e){var t=e.data;if((t||t.secret||t.message||t.value)&&!\/[^a-zA-Z0-9]\/.test(t.secret)){for(var s,r,n,a=l.querySelectorAll('iframe[data-secret=\"'+t.secret+'\"]'),o=l.querySelectorAll('blockquote[data-secret=\"'+t.secret+'\"]'),c=new RegExp(\"^https?:$\",\"i\"),i=0;i<o.length;i++)o[i].style.display=\"none\";for(i=0;i<a.length;i++)s=a[i],e.source===s.contentWindow&&(s.removeAttribute(\"style\"),\"height\"===t.message?(1e3<(r=parseInt(t.value,10))?r=1e3:~~r<200&&(r=200),s.height=r):\"link\"===t.message&&(r=new URL(s.getAttribute(\"src\")),n=new URL(t.value),c.test(n.protocol))&&n.host===r.host&&l.activeElement===s&&(d.top.location.href=t.value))}},d.addEventListener(\"message\",d.wp.receiveEmbedMessage,!1),l.addEventListener(\"DOMContentLoaded\",function(){for(var e,t,s=l.querySelectorAll(\"iframe.wp-embedded-content\"),r=0;r<s.length;r++)(t=(e=s[r]).getAttribute(\"data-secret\"))||(t=Math.random().toString(36).substring(2,12),e.src+=\"#?secret=\"+t,e.setAttribute(\"data-secret\",t)),e.contentWindow.postMessage({message:\"ready\",secret:t},\"*\")},!1)))}(window,document);\n\/\/# sourceURL=https:\/\/blogs2.correiobraziliense.com.br\/vicente\/wp-includes\/js\/wp-embed.min.js\n<\/script>\n","description":"POR SIMONE KAFRUNI &nbsp; Com a redu\u00e7\u00e3o de 8,10% das tarifas da Eletropaulo, autorizada pela Ag\u00eancia Nacional de Energia El\u00e9trica (Aneel), especialistas calculam que o \u00cdndice de Pre\u00e7os ao Consumidor Amplo (IPCA) poder\u00e1 ter al\u00edvio de 0,6 a 0,8 ponto na infla\u00e7\u00e3o de julho. &nbsp; Segundo Juliano Ferreira, economista-chefe da Corretora Icap, o mercado n\u00e3o [&hellip;]","thumbnail_url":"https:\/\/blogs2.correiobraziliense.com.br\/vicente\/wp-content\/uploads\/sites\/16\/2016\/05\/avatar_vicente.png","thumbnail_width":200,"thumbnail_height":200}

Energia dá alívio à inflação - Blog do Vicente

<blockquote class="wp-embedded-content" data-secret="H0O8pN5SBx"><a href="https://blogs2.correiobraziliense.com.br/vicente/energia-da-alivio-inflacao/">Energia dá alívio à inflação</a></blockquote><iframe sandbox="allow-scripts" security="restricted" src="https://blogs2.correiobraziliense.com.br/vicente/energia-da-alivio-inflacao/embed/#?secret=H0O8pN5SBx" width="600" height="338" title="&#8220;Energia dá alívio à inflação&#8221; &#8212; Blog do Vicente" data-secret="H0O8pN5SBx" frameborder="0" marginwidth="0" marginheight="0" scrolling="no" class="wp-embedded-content"></iframe><script nonce="VrWBAA4fR4afcazQLMSJVw">
/*! This file is auto-generated */
!function(d,l){"use strict";l.querySelector&&d.addEventListener&&"undefined"!=typeof URL&&(d.wp=d.wp||{},d.wp.receiveEmbedMessage||(d.wp.receiveEmbedMessage=function(e){var t=e.data;if((t||t.secret||t.message||t.value)&&!/[^a-zA-Z0-9]/.test(t.secret)){for(var s,r,n,a=l.querySelectorAll('iframe[data-secret="'+t.secret+'"]'),o=l.querySelectorAll('blockquote[data-secret="'+t.secret+'"]'),c=new RegExp("^https?:$","i"),i=0;i<o.length;i++)o[i].style.display="none";for(i=0;i<a.length;i++)s=a[i],e.source===s.contentWindow&&(s.removeAttribute("style"),"height"===t.message?(1e3<(r=parseInt(t.value,10))?r=1e3:~~r<200&&(r=200),s.height=r):"link"===t.message&&(r=new URL(s.getAttribute("src")),n=new URL(t.value),c.test(n.protocol))&&n.host===r.host&&l.activeElement===s&&(d.top.location.href=t.value))}},d.addEventListener("message",d.wp.receiveEmbedMessage,!1),l.addEventListener("DOMContentLoaded",function(){for(var e,t,s=l.querySelectorAll("iframe.wp-embedded-content"),r=0;r<s.length;r++)(t=(e=s[r]).getAttribute("data-secret"))||(t=Math.random().toString(36).substring(2,12),e.src+="#?secret="+t,e.setAttribute("data-secret",t)),e.contentWindow.postMessage({message:"ready",secret:t},"*")},!1)))}(window,document);
//# sourceURL=https://blogs2.correiobraziliense.com.br/vicente/wp-includes/js/wp-embed.min.js
</script>

POR SIMONE KAFRUNI &nbsp; Com a redução de 8,10% das tarifas da Eletropaulo, autorizada pela Agência Nacional de Energia Elétrica (Aneel), especialistas calculam que o Índice de Preços ao Consumidor Amplo (IPCA) poderá ter alívio de 0,6 a 0,8 ponto na inflação de julho. &nbsp; Segundo Juliano Ferreira, economista-chefe da Corretora Icap, o mercado não [&hellip;]
