{"version":"1.0","provider_name":"Blog do Vicente","provider_url":"https:\/\/blogs2.correiobraziliense.com.br\/vicente","author_name":"Vicente Nunes","author_url":"https:\/\/blogs2.correiobraziliense.com.br\/vicente\/author\/vicentenunes-df\/","title":"O mais lembrado por Guedes - Blog do Vicente","type":"rich","width":600,"height":338,"html":"<blockquote class=\"wp-embedded-content\" data-secret=\"KmbgnwKAxl\"><a href=\"https:\/\/blogs2.correiobraziliense.com.br\/vicente\/o-mais-lembrado-por-guedes\/\">O mais lembrado por Guedes<\/a><\/blockquote><iframe sandbox=\"allow-scripts\" security=\"restricted\" src=\"https:\/\/blogs2.correiobraziliense.com.br\/vicente\/o-mais-lembrado-por-guedes\/embed\/#?secret=KmbgnwKAxl\" width=\"600\" height=\"338\" title=\"&#8220;O mais lembrado por Guedes&#8221; &#8212; Blog do Vicente\" data-secret=\"KmbgnwKAxl\" frameborder=\"0\" marginwidth=\"0\" marginheight=\"0\" scrolling=\"no\" class=\"wp-embedded-content\"><\/iframe><script nonce=\"24KHYo-nwLPBFXgZdWZKlg\">\n\/*! This file is auto-generated *\/\n!function(d,l){\"use strict\";l.querySelector&&d.addEventListener&&\"undefined\"!=typeof URL&&(d.wp=d.wp||{},d.wp.receiveEmbedMessage||(d.wp.receiveEmbedMessage=function(e){var t=e.data;if((t||t.secret||t.message||t.value)&&!\/[^a-zA-Z0-9]\/.test(t.secret)){for(var s,r,n,a=l.querySelectorAll('iframe[data-secret=\"'+t.secret+'\"]'),o=l.querySelectorAll('blockquote[data-secret=\"'+t.secret+'\"]'),c=new RegExp(\"^https?:$\",\"i\"),i=0;i<o.length;i++)o[i].style.display=\"none\";for(i=0;i<a.length;i++)s=a[i],e.source===s.contentWindow&&(s.removeAttribute(\"style\"),\"height\"===t.message?(1e3<(r=parseInt(t.value,10))?r=1e3:~~r<200&&(r=200),s.height=r):\"link\"===t.message&&(r=new URL(s.getAttribute(\"src\")),n=new URL(t.value),c.test(n.protocol))&&n.host===r.host&&l.activeElement===s&&(d.top.location.href=t.value))}},d.addEventListener(\"message\",d.wp.receiveEmbedMessage,!1),l.addEventListener(\"DOMContentLoaded\",function(){for(var e,t,s=l.querySelectorAll(\"iframe.wp-embedded-content\"),r=0;r<s.length;r++)(t=(e=s[r]).getAttribute(\"data-secret\"))||(t=Math.random().toString(36).substring(2,12),e.src+=\"#?secret=\"+t,e.setAttribute(\"data-secret\",t)),e.contentWindow.postMessage({message:\"ready\",secret:t},\"*\")},!1)))}(window,document);\n\/\/# sourceURL=https:\/\/blogs2.correiobraziliense.com.br\/vicente\/wp-includes\/js\/wp-embed.min.js\n<\/script>\n","description":"ROSANA HESSELO secret\u00e1rio do Tesouro Nacional, Mansueto Almeida, pode ter descido um degrau na escala hier\u00e1rquica na nova configura\u00e7\u00e3o do Minist\u00e9rio da Economia, mas \u00e9 sempre lembrado com defer\u00eancia nos discursos do ministro Paulo Guedes, como a pessoa respons\u00e1vel pelos dados das contas do governo.\u00a0Durante seu discurso na cerim\u00f4nia de transmiss\u00e3o de cargo do novo presidente do Banco Central, Roberto Campos Neto, Guedes sugeriu que Mansueto fosse o presidente do Conselho Fiscal, uma esp\u00e9cie de colegiado que funcionaria como o Comit\u00ea de Pol\u00edtica Monet\u00e1ria (Copom), do BC, que decide sobre os juros e que se re\u00fane periodicamente.\u00a0\u00a0","thumbnail_url":"https:\/\/blogs2.correiobraziliense.com.br\/vicente\/wp-content\/uploads\/sites\/16\/2016\/05\/avatar_vicente.png","thumbnail_width":200,"thumbnail_height":200}

ROSANA HESSELO secretário do Tesouro Nacional, Mansueto Almeida, pode ter descido um degrau na escala hierárquica na nova configuração do Ministério da Economia, mas é sempre lembrado com deferência nos discursos do ministro Paulo Guedes, como a pessoa responsável pelos dados das contas do governo. Durante seu discurso na cerimônia de transmissão de cargo do novo presidente do Banco Central, Roberto Campos Neto, Guedes sugeriu que Mansueto fosse o presidente do Conselho Fiscal, uma espécie de colegiado que funcionaria como o Comitê de Política Monetária (Copom), do BC, que decide sobre os juros e que se reúne periodicamente.
