{"version":"1.0","provider_name":"Blog do Vicente","provider_url":"https:\/\/blogs2.correiobraziliense.com.br\/vicente","author_name":"Vicente Nunes","author_url":"https:\/\/blogs2.correiobraziliense.com.br\/vicente\/author\/vicentenunes-df\/","title":"PACTO NACIONAL - Blog do Vicente","type":"rich","width":600,"height":338,"html":"<blockquote class=\"wp-embedded-content\" data-secret=\"bAYqwydKd1\"><a href=\"https:\/\/blogs2.correiobraziliense.com.br\/vicente\/pacto-nacional\/\">PACTO NACIONAL<\/a><\/blockquote><iframe sandbox=\"allow-scripts\" security=\"restricted\" src=\"https:\/\/blogs2.correiobraziliense.com.br\/vicente\/pacto-nacional\/embed\/#?secret=bAYqwydKd1\" width=\"600\" height=\"338\" title=\"&#8220;PACTO NACIONAL&#8221; &#8212; Blog do Vicente\" data-secret=\"bAYqwydKd1\" frameborder=\"0\" marginwidth=\"0\" marginheight=\"0\" scrolling=\"no\" class=\"wp-embedded-content\"><\/iframe><script nonce=\"PoiMUKMnZPTUrxPkBIOFGQ\">\n\/*! This file is auto-generated *\/\n!function(d,l){\"use strict\";l.querySelector&&d.addEventListener&&\"undefined\"!=typeof URL&&(d.wp=d.wp||{},d.wp.receiveEmbedMessage||(d.wp.receiveEmbedMessage=function(e){var t=e.data;if((t||t.secret||t.message||t.value)&&!\/[^a-zA-Z0-9]\/.test(t.secret)){for(var s,r,n,a=l.querySelectorAll('iframe[data-secret=\"'+t.secret+'\"]'),o=l.querySelectorAll('blockquote[data-secret=\"'+t.secret+'\"]'),c=new RegExp(\"^https?:$\",\"i\"),i=0;i<o.length;i++)o[i].style.display=\"none\";for(i=0;i<a.length;i++)s=a[i],e.source===s.contentWindow&&(s.removeAttribute(\"style\"),\"height\"===t.message?(1e3<(r=parseInt(t.value,10))?r=1e3:~~r<200&&(r=200),s.height=r):\"link\"===t.message&&(r=new URL(s.getAttribute(\"src\")),n=new URL(t.value),c.test(n.protocol))&&n.host===r.host&&l.activeElement===s&&(d.top.location.href=t.value))}},d.addEventListener(\"message\",d.wp.receiveEmbedMessage,!1),l.addEventListener(\"DOMContentLoaded\",function(){for(var e,t,s=l.querySelectorAll(\"iframe.wp-embedded-content\"),r=0;r<s.length;r++)(t=(e=s[r]).getAttribute(\"data-secret\"))||(t=Math.random().toString(36).substring(2,12),e.src+=\"#?secret=\"+t,e.setAttribute(\"data-secret\",t)),e.contentWindow.postMessage({message:\"ready\",secret:t},\"*\")},!1)))}(window,document);\n\/\/# sourceURL=https:\/\/blogs2.correiobraziliense.com.br\/vicente\/wp-includes\/js\/wp-embed.min.js\n<\/script>\n","description":"PAULO SILVA PINTO &nbsp; A presidente Dilma Rousseff prop\u00f4s a cria\u00e7\u00e3o de um pacto nacional a ser constru\u00eddo depois da vota\u00e7\u00e3o da admissibilidade do impeachment pela C\u00e2mara no pr\u00f3ximo domingo. Certamente essa tarefa ser\u00e1 algo central no pa\u00eds nas pr\u00f3ximas semanas, mas s\u00e3o \u00ednfimas as chances de que Dilma seja a protagonista das discuss\u00f5es. &nbsp; [&hellip;]","thumbnail_url":"https:\/\/blogs2.correiobraziliense.com.br\/vicente\/wp-content\/uploads\/sites\/16\/2016\/05\/avatar_vicente.png","thumbnail_width":200,"thumbnail_height":200}

PAULO SILVA PINTO &nbsp; A presidente Dilma Rousseff propôs a criação de um pacto nacional a ser construído depois da votação da admissibilidade do impeachment pela Câmara no próximo domingo. Certamente essa tarefa será algo central no país nas próximas semanas, mas são ínfimas as chances de que Dilma seja a protagonista das discussões. &nbsp; [&hellip;]
